t y(d) = d**3 - 148 - 7*d + 8*d**2 - 3*d**2 + 147 + 0*d**2. Give y(b).
5
Suppose l - 4*l = -4*s - 24, s - 5 = -2*l. Suppose 4*d = 4*y - 20, -3*d = 3*y + 6 - 3. Let f(h) = 2 - 2*h - 3*h**y + h**3 - 3*h**2 + 8*h - 4. Give f(l).
-10
Suppose 1213 - 1223 = -10*s. Let x(l) = -2*l - 10*l**2 - 3*l + 1 + 4*l. Give x(s).
-10
Let u(y) = 2*y + 1. Let d be u(3). Let b(v) = -21*v - 8*v + 30*v - d. Calculate b(11).
4
Let k be (-3 + 2)*((-6)/(-3) - 2). Suppose -10*v - 2*v - v = k. Let h(n) = -n + 10. Determine h(v).
10
Let o(y) = -y**2 + y - 2. Let w(l) = 4*l**2 - 5*l + 8. Let g(b) = 26*o(b) + 6*w(b). Calculate g(-3).
-10
Let o be (-912)/(-266) - -3*2/(-14). Let j(g) be the second derivative of 0*g**2 + 0 - 1/6*g**o + 5*g. What is j(2)?
-2
Let z(d) = -2*d**2 + 11*d + 3. Suppose -2*r - 11*r = -78. Determine z(r).
-3
Let u be (7 - 80/15) + (-2)/3. Suppose -4*s + 8 = -0. Let f(i) = 4 - u - 2 + 2 + s*i. Determine f(-2).
-1
Suppose 84*w = 88*w - 4. Let h(p) = -p**3 + 4*p**2 - 4*p + 5. Let u(j) = -2*j**3 + 7*j**2 - 7*j + 9. Let q(l) = 7*h(l) - 4*u(l). What is q(w)?
0
Let l(d) = -2*d**2 + 11*d - 2. Let f be l(5). Let z(s) = -f*s**2 - 2*s + 0*s**2 - 1387 + 1384 - 2*s**3. Determine z(-2).
5
Let c(l) = 3*l + 3. Suppose -748 = -v - 745. Give c(v).
12
Let n(i) = 2*i**2 - 3. Let d(j) = -6*j**2 - 4*j + 15. Let s(r) = d(r) + 6*n(r). What is s(-2)?
29
Let k(m) be the third derivative of m**5/20 + m**4/24 + m**3/6 + 229*m**2. Suppose -1 = 5*x - 21. Suppose 4*i + 0 = -x. Determine k(i).
3
Let o(p) be the second derivative of -p**7/2520 + p**6/80 - 3*p**5/40 - 9*p**4/4 - 14*p. Let f(d) be the third derivative of o(d). Calculate f(7).
5
Let d = -126 - -130. Let f(h) = h**3 - 2*h**2 - 2*h - 2. Give f(d).
22
Let l(c) = 7*c + 4. Let j(k) = 20*k + 12. Let h(d) = 3*j(d) - 8*l(d). Determine h(-3).
-8
Suppose 0 = -174*c - 125*c + 238*c + 305. Let m(x) = x**2 + 6*x + 2. Let a(n) = -n**2 - n. Let t(j) = -2*a(j) - m(j). Give t(c).
3
Let c(d) = d**3 + 5*d**2 + 4*d + 4. Suppose -4 + 0 = -o. Let w be -2 + o + -1 + -5. Determine c(w).
4
Let b(m) = m**2 - 8. Let s(d) = d**2 + d - 3. Let n be s(0). Let q be 4 - (-4)/(n/3). What is b(q)?
-8
Let k(d) = 3*d - 3. Let o be 6/3 - (16 + -15). Calculate k(o).
0
Suppose 0 = -2*v + h + h - 14, 4*v - 5*h = -30. Let u(z) = -3*z + 18. Let w(f) = f - 2. Let q(l) = -u(l) - 4*w(l). Calculate q(v).
-5
Let l be (-6)/((-24)/20) + -5. Let j(w) = -3*w**2 + 2 + 2 + 7 + 4*w**2. Give j(l).
11
Let a = 5 + -6. Let f(h) be the second derivative of 0*h**3 + 1/2*h**2 + 0 - 1/10*h**5 - 1/6*h**4 + 5*h. What is f(a)?
1
Let g(m) = m**2 - 4*m + 5. Let d be g(3). Suppose 6*p - d*p - 20 = 0. Let y(z) = -4*z - 2 + z**2 - 3 + 4. What is y(p)?
4
Let r(m) = m**2 + 6*m + 3. Let w be r(-6). Suppose -2*y = w*u - 10, 2*y - 10 = 4*u - 9*u. Let i(z) = 5*z - 12*z**2 - 9*z + y*z. Give i(1).
-11
Let i(n) = 10*n - 9*n**2 + 6 - 12*n**3 - 11*n**3 + 22*n**3. Suppose -c = 4 + 6. Calculate i(c).
6
Let c(w) be the third derivative of w**5/60 + w**4/8 + w**3/6 + 821*w**2 - w. Suppose -q + 2 = m, 0 = -3*m + 6*m - 12. Give c(q).
-1
Suppose 75 = 4*s + s. Let f = s + -18. Let d(a) = -a**2 - 5*a. What is d(f)?
6
Let h(z) = -7*z**2 - 48*z - 3. Let a be h(-7). Let u(w) = w**2 + 13*w - 12. What is u(a)?
-42
Let j(c) = 19*c + 1. Let f(k) = -k**3 - 42*k**2 + k + 41. Let v be f(-42). Determine j(v).
-18
Let b(u) be the third derivative of -u**5/60 - 5*u**4/12 + 11*u**3/6 - 129*u**2. Calculate b(-12).
-13
Let z(x) = -46*x**2 - x**3 - 6 + 52*x**2 + 1. Determine z(6).
-5
Let l(i) = -2*i - 4. Let k(f) = 5*f + 9. Let b(z) = 3*k(z) + 7*l(z). Suppose 0 = -5*h + 4*h. Suppose -4*g - g = h. Determine b(g).
-1
Let h(t) = -t**3 - t**2 + 3*t + 3. Suppose -3*j + 0*j - 17 = -f, 11 = f - j. Let k be f/10*(-270)/12. Let d = k + 16. Calculate h(d).
1
Let c(g) = g**3 - 12*g**2 + 19*g + 4. Let o be c(11). Let j(x) = 92*x + 5 + o*x - 186*x. Give j(4).
-3
Let s(w) = -w - 12. Let x(u) = 1. Let o(b) = -s(b) - 5*x(b). Give o(-13).
-6
Suppose 0 = 82*a - 84*a - 18. Let t(s) = s + 15. Calculate t(a).
6
Let m(w) be the second derivative of -w**5/20 - w**4/6 + w**3/6 - 6*w. Let h be (1 - 0)*(6 + -2). Let i be (-1 + -1)/(h/6). Give m(i).
6
Let o(j) = j**3 - 7*j**2 + 6*j + 7. Suppose -4*p - 39*p = -258. Give o(p).
7
Suppose 13 = 6*k + 7. Let r(i) = -i**2 - 2*i + 1. Calculate r(k).
-2
Suppose -15 = -5*f + 5*c, 0*c - 5*c = f + 9. Suppose 0*z - z = 3. Let v(y) = -4*y - 2. Let s(x) = -x - 1. Let h(t) = f*v(t) + z*s(t). Give h(7).
-6
Let z(w) = -w**2 - 4*w. Let c(j) = j**2 + 5*j + 1. Let n(r) = -5*c(r) - 6*z(r). Give n(0).
-5
Let s = 17 + -11. Let q(v) = 7*v**3 - 24*v**2 - v + 11. Let z(k) = -8*k**3 + 27*k**2 + 2*k - 14. Let r(h) = 7*q(h) + 6*z(h). What is r(s)?
23
Let v(l) = 4*l**3 + 1 + l**2 - 5*l + 3*l + 7*l**3. Suppose -2*p + d + 114 = -p, -234 = -2*p + 4*d. Let q = 112 - p. Determine v(q).
11
Let l(a) = -2*a**2 + 18*a + 5. Suppose -4*u + 28 = 4*o, o = 3*o + 3*u - 11. Let m be l(o). Let k be -5*6/m - -3. Let q(x) = -2*x - 2. Calculate q(k).
-12
Let w(n) be the first derivative of n**4/4 - 3*n**3 - 6*n**2 + 9*n - 141. Determine w(10).
-11
Let l = -100 + 104. Let o(q) = 6*q - 9. Let u(r) = -3*r + 4. Let p(j) = l*o(j) + 9*u(j). Determine p(5).
-15
Let c(v) be the third derivative of v**6/120 - 2*v**5/15 + v**4/12 - 5*v**3/6 - v**2 - 22. Suppose 5*n = u + 42, -u + 4*u = 5*n - 46. Determine c(n).
11
Let l(s) be the first derivative of s**3/3 - 6*s + 48. Determine l(-5).
19
Let k(t) = -6*t - 46. Let y(g) = 2*g**3 - 6*g**2 + 2*g - 4. Let x be y(2). Determine k(x).
2
Let b(u) = 11*u**2 - u - 4*u - 3*u + u**3 - 16 - 20*u**2. Let h be b(10). Let p(a) = -a**3 + 3*a**2 + 3*a - 1. Give p(h).
-5
Let b = 1123 - 1117. Let x(y) = y**3 - 8*y**2 + 2*y + 6. What is x(b)?
-54
Let t(v) = 18*v + 24 - 7*v + 13*v - 21*v. Calculate t(-8).
0
Let j = -551 + 546. Let k(y) = y**2 + 8*y + 5. What is k(j)?
-10
Let v(a) be the second derivative of a**3/6 - a**2/2 + 6*a. Let n be v(7). Let c(h) = h - 7 + 1 + 1 + n. Calculate c(1).
2
Let v = -1052 - -1057. Let i(a) be the second derivative of -a**4/12 + 5*a**3/6 - a**2/2 + a. Calculate i(v).
-1
Let z(r) be the second derivative of -r**5/60 + 5*r**4/24 + 4*r**2 - 3*r. Let p(t) be the first derivative of z(t). Determine p(5).
0
Suppose -5*y + 4*r = -16, 12*y = 8*y + 5*r + 20. Let l(u) = 7*u + 6. Give l(y).
6
Let o = 17 + -20. Let v(w) = -2*w**3 + 10*w**2 - 8*w + 7. Let a(u) = u**3 - 5*u**2 + 4*u - 3. Let h(g) = o*v(g) - 7*a(g). What is h(3)?
6
Let i = -36 - -36. Suppose 4*h = k + 5*h, i = -4*k + 3*h + 35. Let g(y) = y**3 - 3*y**2 - 11*y + 2. Let z be g(k). Let f(r) = r**2 + 3*r - 1. Determine f(z).
-1
Let t = -16 + 17. Let a(k) = -t + 2 - 3*k**2 + 4*k**2 + k**2. Give a(1).
3
Let s(r) = r**3 + 13*r**2 + r + 8. Suppose -29*w - 547 = -170. Calculate s(w).
-5
Let t(i) = -i**3 - 1. Suppose 3*d + d = -5*u - 14, -5*d = -4*u - 3. Let a be 1 - (4 + (-4 - u)). Give t(a).
0
Let y = 2645 - 2656. Let d(a) = -a**2 - 11*a + 25. What is d(y)?
25
Let z(j) = -j**3 + 3*j**2 + j - 1. Suppose 0 = 3*i + 3*g + 3, 0*i - 5*g = -i + 17. Let h be z(i). Let b(f) = 4 + 8*f**2 - 6*f**2 - 3*f**2 + 3*f. Give b(h).
-6
Let n(w) = -w + 2. Let v(q) = 6*q - 13. Let s(j) = 4*n(j) + v(j). Calculate s(-5).
-15
Let h(u) = u**3 - 4*u**2 - 6*u - 2. Let k = 5 + -4. Suppose -2*j = k - 5. Suppose -j*z = s - 12, -1 = 2*z - 3*s - 5. Give h(z).
-7
Let q(a) = -2*a**3 - 5*a**2 - 3*a - 1. Suppose 0 = 2*t + 5*k - 12, 2*t + 2*t = -5*k + 14. Let m be -4 + -2 + 2 + t. Calculate q(m).
17
Let r(j) be the first derivative of 1/2*j**2 - 1 + 1/3*j**3 - 4*j. Let l(g) = g**2 - 5*g - 3. Let y be l(6). Calculate r(y).
8
Let h = 80 + -87. Let q = h - -8. Let i(g) = 2 - 4*g + 5*g - 3 + 5*g**2. What is i(q)?
5
Let w(v) = v**2 + 12*v - 18. Let m = 294 - 307. Give w(m).
-5
Let q(m) be the first derivative of -2*m**2 - 9*m - 891. Calculate q(-7).
19
Suppose -2*f + 6 + 0 = 0. Let w(g) = 2*g + 5*g**f + 1 + g - g + 2*g**2. Calculate w(-1).
-4
Let w(c) = -c**3 + 6*c**2 - c + 7. Let g be (0 + -4)*(-3)/(84/35). What is w(g)?
27
Let k(w) = 4*w - 4. Let u(j) = 30*j**2 - 1 + 3 - 8*j**2 + 10 + j**3. Let f(d) = -d**2 - 1. Let q(y) = 6*f(y) + u(y). Let z be q(-16). Calculate k(z).
20
Let w be 1/4 + 2030/8. Let l(i) = i + w - 509 + 249. What is l(0)?
-6
Let x(r) = -r**2 - 7*r + 5. Let d(o) = 2*o**2 + 42*o -